e (base 15) to base 6
252
Convert 131 (base 7) to base 12.
5b
-2021 (base 3) to base 6
-141
Convert 11 (base 2) to base 4.
3
Convert -22 (base 4) to base 8.
-12
4 (base 7) to base 16
4
Convert 5 (base 13) to base 2.
101
-1000 (base 4) to base 8
-100
What is -116 (base 9) in base 11?
-88
Convert 21 (base 4) to base 7.
12
Convert 1 (base 9) to base 8.
1
What is -8 (base 15) in base 6?
-12
What is -32 (base 14) in base 16?
-2c
-2 (base 15) to base 3
-2
What is 2c (base 16) in base 2?
101100
What is 2 (base 15) in base 3?
2
Convert -7 (base 8) to base 2.
-111
Convert 46 (base 12) to base 2.
110110
-2 (base 7) to base 14
-2
What is -16 (base 13) in base 6?
-31
What is 15 (base 8) in base 3?
111
What is 3 (base 7) in base 9?
3
Convert 41 (base 6) to base 12.
21
10 (base 6) to base 12
6
Convert 42 (base 7) to base 12.
26
70 (base 9) to base 4
333
5 (base 9) to base 5
10
What is -19 (base 11) in base 12?
-18
Convert 3 (base 11) to base 9.
3
Convert 10121 (base 3) to base 16.
61
What is 11b (base 14) in base 4?
3131
What is 4 (base 13) in base 15?
4
Convert 133 (base 8) to base 5.
331
-2 (base 13) to base 2
-10
What is -d9 (base 14) in base 7?
-362
Convert 15 (base 11) to base 3.
121
What is 1233 (base 6) in base 12?
219
Convert 2 (base 4) to base 7.
2
What is 301 (base 9) in base 5?
1434
Convert 45 (base 11) to base 3.
1211
What is d (base 15) in base 8?
15
What is 3 (base 11) in base 4?
3
Convert 10 (base 2) to base 11.
2
What is -111 (base 7) in base 4?
-321
Convert -11 (base 2) to base 9.
-3
Convert 3 (base 11) to base 14.
3
Convert 0 (base 5) to base 9.
0
1202 (base 3) to base 10
47
What is -11 (base 16) in base 8?
-21
What is 14 (base 16) in base 15?
15
514 (base 7) to base 14
144
-11 (base 2) to base 15
-3
What is -10011 (base 3) in base 6?
-221
What is 20 (base 6) in base 11?
11
What is -1 (base 5) in base 4?
-1
2 (base 7) to base 10
2
What is 13 (base 11) in base 8?
16
What is -1230 (base 5) in base 2?
-10111110
Convert -26 (base 13) to base 3.
-1012
What is 10 (base 9) in base 12?
9
What is -1 (base 13) in base 6?
-1
What is -5 (base 11) in base 7?
-5
What is -3 (base 16) in base 13?
-3
What is -1 (base 13) in base 6?
-1
Convert 11011 (base 2) to base 12.
23
What is -273 (base 9) in base 5?
-1403
Convert 48 (base 16) to base 7.
132
Convert 212 (base 3) to base 13.
1a
Convert -eb (base 15) to base 5.
-1341
What is -3 (base 5) in base 15?
-3
-2 (base 8) to base 13
-2
Convert -4 (base 16) to base 8.
-4
Convert 0 (base 5) to base 6.
0
Convert -5 (base 8) to base 16.
-5
-60 (base 8) to base 7
-66
1 (base 15) to base 11
1
Convert -23 (base 4) to base 11.
-10
What is -2 (base 12) in base 3?
-2
Convert -c (base 16) to base 4.
-30
What is 5 (base 12) in base 14?
5
What is -47 (base 15) in base 8?
-103
4 (base 9) to base 12
4
-34 (base 11) to base 6
-101
What is 66 (base 11) in base 8?
110
Convert 102 (base 3) to base 12.
b
12 (base 8) to base 7
13
What is 5 (base 9) in base 5?
10
30 (base 6) to base 5
33
What is -132 (base 7) in base 14?
-52
Convert -2 (base 14) to base 5.
-2
-5 (base 7) to base 6
-5
Convert 10231 (base 4) to base 7.
610
Convert -10 (base 3) to base 12.
-3
-43 (base 8) to base 12
-2b
1000 (base 2) to base 3
22
Convert 0 (base 4) to base 3.
0
Convert 33 (base 16) to base 13.
3c
Convert 230 (base 4) to base 14.
32
-122 (base 10) to base 5
-442
What is -140 (base 16) in base 2?
-101000000
Convert 23 (base 14) to base 4.
133
What is -7 (base 14) in base 10?
-7
7 (base 10) to base 15
7
Convert 4 (base 5) to base 9.
4
Convert -6a (base 12) to base 4.
-1102
-63 (base 10) to base 7
-120
5 (base 16) to base 15
5
Convert -10 (base 2) to base 7.
-2
What is -10012 (base 3) in base 5?
-321
What is 64 (base 9) in base 13?
46
26 (base 15) to base 14
28
Convert 14 (base 5) to base 7.
12
Convert -7 (base 10) to base 11.
-7
-10 (base 2) to base 7
-2
8 (base 11) to base 2
1000
-22 (base 4) to base 3
-101
What is -1000 (base 3) in base 12?
-23
-152 (base 8) to base 5
-411
Convert 2 (base 13) to base 7.
2
What is -1 (base 13) in base 5?
-1
Convert 20 (base 10) to base 12.
18
8 (base 11) to base 5
13
-2 (base 14) to base 15
-2
Convert 11 (base 8) to base 13.
9
Convert 101 (base 7) to base 15.
35
What is -a (base 15) in base 12?
-a
What is -c (base 15) in base 4?
-30
Convert 464 (base 7) to base 2.
11110010
What is 38 (base 15) in base 4?
311
What is 0 (base 8) in base 2?
0
-6 (base 11) to base 6
-10
2 (base 7) to base 11
2
-12 (base 13) to base 6
-23
4 (base 11) to base 7
4
2 (base 12) to base 4
2
What is -b (base 14) in base 7?
-14
55 (base 15) to base 10
80
-2 (base 10) to base 4
-2
Convert 11 (base 15) to base 12.
14
Convert -35 (base 13) to base 16.
-2c
Convert -2101 (base 4) to base 5.
-1040
Convert -3 (base 15) to base 8.
-3
Convert -11 (base 3) to base 11.
-4
Convert 562 (base 7) to base 13.
193
Convert 5 (base 11) to base 7.
5
What is -5 (base 11) in base 10?
-5
10011011 (base 2) to base 16
9b
123 (base 7) to base 6
150
What is 1 (base 5) in base 14?
1
What is -2212 (base 3) in base 4?
-1031
Convert -3 (base 10) to base 12.
-3
-1 (base 9) to base 8
-1
-3 (base 13) to base 10
-3
Convert 39 (base 15) to base 11.
4a
-144 (base 6) to base 4
-1000
What is -9 (base 12) in base 10?
-9
-552 (base 7) to base 3
-101110
17 (base 14) to base 7
30
Convert -3 (base 16) to base 15.
-3
What is -5 (base 9) in base 6?
-5
Convert 2 (base 12) to base 5.
2
-a (base 16) to base 5
-20
Convert 2 (base 12) to base 13.
2
Convert -2 (base 9) to base 8.
-2
Convert -101 (base 2) to base 13.
-5
Convert 48 (base 14) to base 10.
64
-19 (base 13) to base 4
-112
What is -110 (base 3) in base 2?
-1100
2 (base 16) to base 13
2
Convert 8 (base 10) to base 6.
12
Convert 11 (base 10) to base 13.
b
4d (base 14) to base 13
54
-2 (base 3) to base 4
-2
Convert 0 (base 15) to base 10.
0
-1012 (base 3) to base 6
-52
-64 (base 10) to base 14
-48
What is 10 (base 14) in base 3?
112
What is -11010110 (base 2) in base 8?
-326
-7 (base 9) to base 12
-7
Convert 2 (base 7) to base 8.
2
What is -121 (base 7) in base 9?
-71
What is 10 (base 6) in base 16?
6
1 (base 8) to base 2
1
-1200 (base 6) to base 7
-561
11 (base 5) to base 11
6
Convert 0 (base 13) to base 11.
0
Convert -28 (base 16) to base 14.
-2c
What is 156 (base 8) in base 11?
a0
What is 31 (base 5) in base 13?
13
Convert 26 (base 7) to base 8.
24
What is 151 (base 13) in base 6?
1031
Convert 1 (base 6) to base 15.
1
What is -1 (base 2) in base 4?
-1
-4 (base 10) to base 6
-4
Convert 2a (base 13) to base 4.
210
Convert 13 (base 8) to base 12.
b
-10200 (base 3) to base 16
-63
Convert -4 (base 16) to base 11.
-4
273 (base 8) to base 4
2323
What is -13 (base 4) in base 3?
-21
-11 (base 15) to base 2
-10000
What is 310 (base 9) in base 8?
374
Convert -3 (base 8) to base 2.
-11
-1121 (base 3) to base 7
-61
What is -102 (base 6) in base 16?
-26
Convert -54 (base 7) to base 10.
-39
What is 6 (base 7) in base 2?
110
0 (base 16) to base 6
0
What is -1 (base 4) in base 3?
-1
Convert -33 (base 6) to base 12.
-19
What is 14 (base 5) in base 6?
13
-99 (base 11) to base 3
-11000
Convert -117 (base 9) to base 13.
-76
Convert 3e (base 16) to base 3.
2022
What is 1 (base 7) in base 6?
1
Convert -5 (base 9) to base 6.
-5
Convert -2 (base 12) to base 11.
-2
202 (base 4) to base 13
28
What is 3 (base 10) in base 3?
10
Convert -33 (base 5) to base 15.
-13
What is -14 (base 10) in base 11?
-13
What is -4 (base 13) in base 4?
-10
1110 (base 2) to base 9
15
-1 (base 7) to base 11
-1
Convert -110 (base 7) to base 12.
-48
What is 10102 (base 3) in base 10?
92
174 (base 10) to base 6
450
Convert -194 (base 11) to base 12.
-168
Convert 11 (base 3) to base 15.
4
-1 (base 15) to base 10
-1
-a (base 16) to base 14
-a
What is -63 (base 13) in base 11?
-74
Convert 24 (base 8) to base 10.
20
What is 1e (base 15) in base 8?
35
What is 19 (base 15) in base 10?
24
144 (base 5) to base 15
34
Convert -21120 (base 3) to base 12.
-150
Convert -10 (base 4) to base 3.
-11
What is 2 (base 15) in base 3?
2
What is 2a (base 12) in base 9?
37
543 (base 7) to base 10
276
-111 (base 3) to base 9
-14
8 (base 14) to base 7
11
13 (base 11) to base 4
32
5 (base 11) to base 4
11
Convert 1 (base 8) to base 13.
1
3 (base 13) to base 3
10
What is 0 (base 16) in base 14?
0
1001 (base 3) to bas